 when 53 is divided by d.
17
Let d = -18 - -30. Suppose w = -4*r - r - d, -3*r = 4*w - 20. What is the remainder when w is divided by 3?
2
Suppose 2*q - 32 = 94. Calculate the remainder when q is divided by 26.
11
Let p = -5 - -3. Let s be 1/p + (-6)/(-12). Let q = s + 20. Calculate the remainder when q is divided by 7.
6
Let w(l) = 23*l - 8. Calculate the remainder when w(2) is divided by 8.
6
Let c(j) be the second derivative of 0*j**3 - 2*j - 1/2*j**2 + 3/2*j**4 + 0. What is the remainder when 33 is divided by c(1)?
16
Suppose 3*m - 199 = 2*f + 13, 4*m = 5*f + 285. Suppose -3*o + 26 + m = 0. What is the remainder when o is divided by 17?
15
Let q(s) = 8*s**2 - s - 1. What is the remainder when (1/(-1))/(3/(23*-3)) is divided by q(-1)?
7
Suppose 2*r + 1 = 5, 3*z - 2*r - 5 = 0. Suppose -1 - 35 = -z*g. What is the remainder when 33 is divided by g?
9
Let v(x) = x + 8. Let j be v(-5). Suppose c = j*c - 26. Calculate the remainder when c is divided by 7.
6
Let u(s) = -s**2 + 11*s + 8. Let a = -12 + 27. Calculate the remainder when a is divided by u(11).
7
Let m be -2 + 7 - 4/4. Suppose 0 = m*r - r + 3*s - 36, -2*r + 4*s + 54 = 0. What is the remainder when r is divided by -1 + -1 + 11 + 0?
8
Let c be 12/(1/((-6)/9)). Calculate the remainder when 13 is divided by c + 10 + 3/1.
3
Suppose q + 3*o - 4*o = 3, 4*q + 2*o = 36. What is the remainder when 13 is divided by q?
6
Let j(z) = 2*z + 22. Let y be j(-9). Suppose x - d = -y*d + 4, -30 = -5*x - 5*d. What is the remainder when x is divided by 3?
1
Calculate the remainder when 110/4 - (-1 + (-9)/(-6)) is divided by 7.
6
Suppose 6*g - 6 = 3*g. Let d be (-35)/(-14)*(-1 + 3). Suppose -d*k = -4*k - 2. What is the remainder when k is divided by g?
0
What is the remainder when 29 is divided by ((-8)/5 + 2)*10*4?
13
Let m(t) = 11*t. What is the remainder when 74 is divided by m(1)?
8
Let c(n) = n**3 + 8*n**2 + 2*n - 4. Calculate the remainder when c(-7) is divided by 16.
15
Suppose 7*b - 4*b + 18 = 2*h, 0 = b + 4. Suppose -4*y - 96 - 63 = -h*v, 3*v - 186 = -5*y. Calculate the remainder when v is divided by 15.
12
Let c(n) = -n**2 - n + 80. Calculate the remainder when c(0) is divided by 28.
24
Suppose 4*o - 2*o - 6 = 0. Let k be 16/o*(-72)/(-32). Suppose 5*j = k + 23. Calculate the remainder when j is divided by 2.
1
Let u = -51 + 85. Calculate the remainder when u is divided by 2/1 - 1 - -17.
16
Suppose -h - 1 = -4. What is the remainder when h is divided by 6 + (-4 - -1) + -1?
1
Let x(j) = -4 + 21 - 5*j + 2*j + 2*j - j**3. Suppose -s + 9 = -0. Calculate the remainder when x(0) is divided by s.
8
Suppose q = -i - 4*q - 2, -9 = -2*i + 3*q. Suppose 0 = 3*k + u - 5*u + i, 4*k + 3 = 5*u. What is the remainder when 7 is divided by k?
1
Let a be (-4)/8 + 2/(-4). Let p = -4 - a. Let h = p + 13. What is the remainder when h is divided by 6?
4
Calculate the remainder when 3 - 3 - (-3 + 0) is divided by 1.
0
Suppose -g - 1 + 4 = 0. Suppose -4*m = -n - 8, g*m + 1 = -2*n + 18. Calculate the remainder when 11 is divided by m.
2
Let i(t) = -t**2 - 9*t - 7. Let g(p) = -p**2 - 5*p + 8. Let x be g(-7). Let n(y) = y - 5. Calculate the remainder when i(x) is divided by n(11).
5
Suppose 3*t + 3*z - 24 = 0, -z + 22 = 3*t + 4*z. What is the remainder when t is divided by 4?
1
Let o be 225/6 + 2/4. Suppose -m + 4*g + o = 0, -15 = 2*g + 3*g. What is the remainder when m is divided by 14?
12
Calculate the remainder when 66/4 - 30/(-20) is divided by 10.
8
Let b(h) = h**3 + 4*h**2 - 5*h + 5. Suppose -5*r = -23 + 13. Calculate the remainder when 36 is divided by b(r).
17
Let u(h) = -h**3 - 10*h**2 + 12*h + 14. Calculate the remainder when 10 is divided by u(-11).
1
Let t = 12 - 64. Let d = 92 + t. Suppose a + 2*n = 14, -n = 2*a - 2*n - 28. What is the remainder when d is divided by a?
12
Suppose -176 = -5*m + 119. Suppose -18 = -2*w + 3*z, 3*z + 0*z = -3*w + 57. What is the remainder when m is divided by w?
14
Suppose -s - 2*s - 2*v + 12 = 0, -9 = -3*s - v. Calculate the remainder when 73*(-3)/(-1 - s) is divided by 19.
16
Let g = 103 - 61. What is the remainder when g is divided by 9?
6
Suppose u - 4 - 3 = 0. Let b = 165 + -139. What is the remainder when b is divided by u?
5
Let n be 99*3*12/(-27). Let c(g) = 7*g**2 - 2*g - 2. Calculate the remainder when c(2) is divided by 2/(-8) - n/16.
6
Let p = -3 - -5. Let q be ((-1)/p)/(1/(-4)). Suppose q*g - 57 = -3*g - 3*w, g - 2*w - 1 = 0. Calculate the remainder when 17 is divided by g.
8
Let h = 15 - 9. Calculate the remainder when 16 is divided by h.
4
Let k(w) = w + 3. Suppose -5*o - s = -14, 0 = -2*o + s - 3*s + 4. Let x = 2 + 15. What is the remainder when x is divided by k(o)?
5
Suppose c = 2*q + 3*c - 54, -105 = -5*q + c. Suppose -5*x + d + 48 = 9, 5*d = 4*x - 27. Suppose 3*g = 2*g + x. What is the remainder when q is divided by g?
6
Let v be 2/(4/19)*4. Calculate the remainder when 36 is divided by 2/((-72)/v + 2).
17
Suppose -s + 7*s - 156 = 0. Suppose 4*m = -5*d - 26 + 100, 0 = 2*d - 2*m - 26. What is the remainder when s is divided by d?
12
Suppose -z - 2*z + 8 = 2*x, 5*z = -2*x + 12. Suppose 0 = z*t, -4*j - t = -3*t - 112. Calculate the remainder when j is divided by 15.
13
Let x be 0 + 0 - (-49)/1. Let n = x + -10. Calculate the remainder when n is divided by 14.
11
Let y = 38 - 32. What is the remainder when 17 is divided by y?
5
What is the remainder when (9 + -5)/((-2)/(-4)) is divided by 3?
2
Suppose 0 = 2*o - 5*w + 2, 0*w - 4*w + 8 = 0. Suppose 5*j - 55 = -0*j + 5*t, 0 = -3*j - 2*t + 18. Calculate the remainder when 348/16 + 1/o is divided by j.
6
Suppose 0 = 2*a - 4*n - 12, -4*a + 6*a + 3*n = 26. Let j(q) = q**3 + 6*q**2 + 6. Calculate the remainder when a is divided by j(-6).
4
Suppose -j = -3*g - 3, -2*j + 4*g - 2 = -0. Let i = j - -11. Calculate the remainder when i is divided by 1.
0
Suppose -104 = 13*i - 21*i. What is the remainder when i is divided by 4?
1
Let i(u) = -2*u**2 + 9*u + 8. Calculate the remainder when 14 is divided by i(5).
2
Let q = -10 + 27. Calculate the remainder when 31 is divided by q.
14
Calculate the remainder when 49 is divided by (-2)/(28/(-26) - -1).
23
Let i = -96 + 108. Calculate the remainder when 22 is divided by i.
10
Suppose -5*v + 265 = -2*b, 4*v = 3*v + b + 56. Suppose -5*z - 69 = -3*y, 2*y + 0*z - 5*z = 51. Calculate the remainder when v is divided by y.
15
Let n(f) be the third derivative of 14*f**5/15 + f**4/24 + f**3/6 + 2*f**2. Calculate the remainder when n(-1) is divided by 19.
18
Suppose -2*g = -0*g - 32. What is the remainder when 3/(-9) - (-91)/3 is divided by g?
14
Suppose -4*i + i = 0. Suppose -3*k + 53 + 52 = i. What is the remainder when k is divided by 12?
11
Let l = -57 - -77. What is the remainder when l is divided by 15?
5
Let w = -41 + 49. Suppose -2*a = -0 - 8. Suppose -3*b + 71 = a*k, 5*k + 0*b - 3*b - 55 = 0. What is the remainder when k is divided by w?
6
Suppose o - 34 = 2*a, -3*o - 38 = -5*o - 2*a. Calculate the remainder when 66 is divided by o.
18
Suppose 0 = -4*s + 12, -f + 4*s + 5 = -10. Calculate the remainder when 3 + f + (2 - 2) is divided by 12*(-1)/(6/(-8)).
14
Let a(j) = -j**3 - 16*j**2 + j + 19. Let c be a(-16). Suppose c*s - 23 = 1. What is the remainder when s is divided by 6?
2
Let b be (-1)/(-2) - (-76)/8. Suppose 0 = -r + 4 + b. Suppose 2*c - 8 = 2. Calculate the remainder when r is divided by c.
4
Let d = -12 - -19. Let s(x) = 2*x**2 - 7*x + 1. What is the remainder when s(d) is divided by 13?
11
Suppose 5*i - 3 + 23 = 0. Let u = 8 + i. Suppose 2*a - u*o - 88 = 0, a + 3*a - 4*o = 160. What is the remainder when a is divided by 13?
10
Let i be 33/12 + 2/8. Let d be ((-24)/(-20))/(i/10). Suppose 2*v + 2*v - 2*k = 36, 0 = -d*v - k + 30. What is the remainder when v is divided by 3?
2
Let d(s) = 10*s**2 - 2*s. Let b(w) = -w + 3. Let k be b(5). Calculate the remainder when d(k) is divided by 23.
21
Suppose v + 14 = -2*s, -5*v - 77 = 5*s + 3. Let x(j) = -44*j**3 - j**2 - j - 1. What is the remainder when x(-1) is divided by -2 + 6/1 - v?
21
Suppose 26 + 4 = -5*d. Let l(i) = i**2 + 6*i + 4. Calculate the remainder when l(d) is divided by 3.
1
Suppose 3*t - 224 = -5*h + 4, -h = t - 46. Calculate the remainder when h is divided by ((-84)/(-7))/((-1)/(-2)).
21
Let z(u) = -u**3 + 5*u**2 - u + 2.